git of 62793?
7
What is the hundred thousands digit of 142077?
1
What is the tens digit of 892691?
9
What is the units digit of 2348316?
6
What is the thousands digit of 18666672?
6
What is the thousands digit of 1546587?
6
What is the ten thousands digit of 639386?
3
What is the tens digit of 160346?
4
What is the ten thousands digit of 264750?
6
What is the hundred thousands digit of 131675?
1
What is the tens digit of 3289526?
2
What is the units digit of 341184?
4
What is the hundreds digit of 313081?
0
What is the tens digit of 77155?
5
What is the ten thousands digit of 225553?
2
What is the hundreds digit of 12192?
1
What is the hundred thousands digit of 241614?
2
What is the ten millions digit of 29863171?
2
What is the millions digit of 1372063?
1
What is the units digit of 5575752?
2
What is the hundred thousands digit of 3958199?
9
What is the millions digit of 10990978?
0
What is the hundreds digit of 26340096?
0
What is the millions digit of 13251481?
3
What is the millions digit of 12960688?
2
What is the ten thousands digit of 373934?
7
What is the hundred thousands digit of 282525?
2
What is the hundreds digit of 152707?
7
What is the hundred thousands digit of 4350768?
3
What is the hundred thousands digit of 190709?
1
What is the millions digit of 4320858?
4
What is the ten thousands digit of 5680386?
8
What is the units digit of 326279?
9
What is the thousands digit of 556176?
6
What is the units digit of 168382?
2
What is the ten thousands digit of 106536?
0
What is the ten thousands digit of 8069504?
6
What is the thousands digit of 679447?
9
What is the units digit of 456166?
6
What is the ten millions digit of 31906148?
3
What is the hundreds digit of 89088?
0
What is the hundred thousands digit of 210308?
2
What is the ten thousands digit of 606147?
0
What is the units digit of 2636518?
8
What is the hundred thousands digit of 284783?
2
What is the tens digit of 11173922?
2
What is the hundred thousands digit of 272092?
2
What is the units digit of 312973?
3
What is the ten thousands digit of 6632879?
3
What is the tens digit of 1937468?
6
What is the units digit of 346920?
0
What is the ten thousands digit of 1578223?
7
What is the ten thousands digit of 38265677?
6
What is the thousands digit of 112343?
2
What is the tens digit of 363091?
9
What is the tens digit of 166785?
8
What is the tens digit of 235029?
2
What is the units digit of 569784?
4
What is the tens digit of 6787514?
1
What is the ten thousands digit of 2060617?
6
What is the ten thousands digit of 338464?
3
What is the thousands digit of 848338?
8
What is the thousands digit of 1440905?
0
What is the hundred thousands digit of 13521569?
5
What is the hundred thousands digit of 320118?
3
What is the hundreds digit of 1046459?
4
What is the units digit of 170737?
7
What is the tens digit of 363687?
8
What is the units digit of 436782?
2
What is the thousands digit of 354458?
4
What is the millions digit of 1877007?
1
What is the tens digit of 296599?
9
What is the millions digit of 2733779?
2
What is the ten thousands digit of 2443017?
4
What is the hundreds digit of 601469?
4
What is the tens digit of 156249?
4
What is the hundreds digit of 5886598?
5
What is the millions digit of 2508655?
2
What is the hundred thousands digit of 11461711?
4
What is the tens digit of 7292266?
6
What is the ten thousands digit of 88764?
8
What is the tens digit of 521235?
3
What is the tens digit of 1319641?
4
What is the ten thousands digit of 3532830?
3
What is the thousands digit of 282209?
2
What is the millions digit of 9648242?
9
What is the ten thousands digit of 908786?
0
What is the thousands digit of 567551?
7
What is the thousands digit of 830343?
0
What is the tens digit of 186164?
6
What is the ten thousands digit of 10564200?
6
What is the thousands digit of 402750?
2
What is the hundred thousands digit of 19584270?
5
What is the hundreds digit of 23580057?
0
What is the hundreds digit of 5171557?
5
What is the thousands digit of 350294?
0
What is the ten thousands digit of 2820522?
2
What is the hundreds digit of 149870?
8
What is the units digit of 4378580?
0
What is the hundreds digit of 2195920?
9
What is the ten thousands digit of 15758190?
5
What is the hundred thousands digit of 734980?
7
What is the hundreds digit of 3116071?
0
What is the hundreds digit of 7395021?
0
What is the tens digit of 5614349?
4
What is the ten thousands digit of 359680?
5
What is the ten thousands digit of 204465?
0
What is the millions digit of 1686054?
1
What is the units digit of 1152845?
5
What is the units digit of 893598?
8
What is the millions digit of 1577770?
1
What is the tens digit of 888458?
5
What is the tens digit of 542415?
1
What is the thousands digit of 1742935?
2
What is the millions digit of 2266854?
2
What is the thousands digit of 57512?
7
What is the ten thousands digit of 6885058?
8
What is the hundreds digit of 206922?
9
What is the ten thousands digit of 6774316?
7
What is the units digit of 154012?
2
What is the ten thousands digit of 2007843?
0
What is the ten thousands digit of 1770249?
7
What is the tens digit of 4936546?
4
What is the units digit of 1106728?
8
What is the hundreds digit of 1182911?
9
What is the ten thousands digit of 1589791?
8
What is the units digit of 739248?
8
What is the tens digit of 6920004?
0
What is the hundreds digit of 367903?
9
What is the millions digit of 20770615?
0
What is the millions digit of 6295873?
6
What is the hundreds digit of 9296879?
8
What is the units digit of 2682692?
2
What is the tens digit of 901885?
8
What is the units digit of 1415284?
4
What is the thousands digit of 1559978?
9
What is the thousands digit of 4183607?
3
What is the hundred thousands digit of 1620466?
6
What is the ten thousands digit of 641407?
4
What is the tens digit of 474785?
8
What is the units digit of 423224?
4
What is the units digit of 226389?
9
What is the units digit of 4611673?
3
What is the thousands digit of 23439?
3
What is the hundred thousands digit of 755353?
7
What is the thousands digit of 120748?
0
What is the units digit of 189705?
5
What is the units digit of 181621?
1
What is the ten thousands digit of 53672?
5
What is the ten thousands digit of 1383953?
8
What is the units digit of 3912921?
1
What is the millions digit of 2668066?
2
What is the tens digit of 198710?
1
What is the thousands digit of 513855?
3
What is the units digit of 3290708?
8
What is the units digit of 655610?
0
What is the units digit of 17718281?
1
What is the thousands digit of 1732?
1
What is the tens digit of 503933?
3
What is the units digit of 4146400?
0
What is the tens digit of 7148042?
4
What is the tens digit of 720913?
1
What is the millions digit of 2089552?
2
What is the ten thousands digit of 4826594?
2
What is the units digit of 492683?
3
What is the ten thousands digit of 108674?
0
What is the hundreds digit of 365212?
2
What is the ten thousands digit of 1212223?
1
What is the ten thousands digit of 17512082?
1
What is the hundred thousands digit of 687124?
6
What is the millions digit of 2178490?
2
What is the tens digit of 181837?
3
What is the hundreds digit of 162964?
9
What is the millions digit of 3351666?
3
What is the tens digit of 236387?
8
What is the millions digit of 2580396?
2
What is the hundreds digit of 7783788?
7
What is the tens digit of 556713?
1
What is the tens digit of 943227?
2
What is the hundred thousands digit of 3712613?
7
What is the thousands digit of 1336185?
6
What is the hundreds digit of 261840?
8
What is the hundred thousands digit of 1239688?
2
What is the hundreds digit of 20122872?
8
What is the thousands digit of 1320605?
0
What is the hundred thousands digit of 811018?
8
What is the ten thousands digit of 170072?
7
What is the thousands digit of 228002?
8
What is the tens digit of 809968?
6
What is the tens digit of 114531?
3
What is the hundreds digit of 180469?
4
What is the ten thousands digit of 33529867?
2
What is the units digit of 3276184?
4
What is the units digit of 169200?
0
What is the hundreds digit of 1278947?
9
What is the hundred thousands digit of 14818979?
8
What is the thousands digit of 5474047?
4
What is the hundred thousands digit of 19377936?
3
Wh